eatest common divisor of p and q?
1
Let p = -336 - -194. Let r = p - -147. Calculate the greatest common factor of r and 15.
5
Suppose 5*w = -2*p - 317, w = -21*p + 22*p - 62. Let u = w - -271. What is the highest common factor of 26 and u?
26
Suppose -m + 4*y + 176 = 0, 536 = 5*m - 3*y - 361. Calculate the greatest common divisor of 2115 and m.
45
Let l(i) = 2*i**2 + 43*i + 390. Let o be l(-16). What is the greatest common factor of 26 and o?
2
Let u = 37 - 37. Suppose g - 180 = -4*n, u = -0*n + 5*n + 2*g - 225. Let d be 16/6*81/12. What is the highest common factor of d and n?
9
Let r be (8/6)/(4/378). Suppose -2*n + 129 - 125 = 0. Let j = 16 + n. What is the greatest common divisor of j and r?
18
Let s be 64/6 - 7/(-21). Let c = 1096 - 425. Calculate the highest common divisor of c and s.
11
Let v be (-128)/1728 - 208930/(-54). Calculate the highest common factor of 106 and v.
53
Let d = 92 - 312. Let s be d/6*((-55)/(-11) - 8). What is the highest common divisor of s and 10?
10
Let y = 145 - 142. Let f be y/(84/(-40))*(-7)/1. Calculate the greatest common factor of 35 and f.
5
Suppose 0 = 5*h - 5*a - 45, 3*a + 39 = 4*h. Let l(f) = -f + 29. Let u be l(h). Let b = 31 - 14. What is the highest common factor of u and b?
17
Let i = -15 + 91. Suppose 2*j + 222 = 5*j. Suppose 14 = -j*w + i*w. Calculate the greatest common factor of w and 42.
7
Let o(d) = -d**3 - 12*d**2 + 27*d + 18. Let z be o(-14). Let n be (1024/(-7))/(-4) + z/(-56). What is the highest common divisor of 99 and n?
9
Let o = 97 - 95. Suppose 16 = -o*r + 26. Let v be -3 - -1*70/r. What is the highest common divisor of 99 and v?
11
Let y(i) = 655*i - 4143. Let x be y(70). What is the greatest common factor of 233 and x?
233
Let w = 414 - 431. Let g(p) = p**2 + 17*p + 39. Let m be g(w). Calculate the greatest common divisor of 234 and m.
39
Let w(q) = -2*q + 9. Let x be w(-13). Let o be -15*(126/x)/(-9). Calculate the greatest common divisor of o and 81.
3
Let v = -212 + 210. Let h be v + 2 + 135 - (13 + -8). Calculate the highest common factor of h and 52.
26
Suppose 395 = 5*m + h, h + 4*h - 215 = -3*m. Suppose -16 = -2*i - 14. Let x be (-4)/i - (-10 + -10). Calculate the highest common factor of x and m.
16
Suppose 0 = 2*i + 6, 5*i = 28*u - 24*u - 271. Let r(h) = h**3 + h + 48. Let a be r(0). Calculate the highest common factor of a and u.
16
Let x = -63 + 127. Let z = x - 58. Suppose 4*n - z*n = -72. Calculate the greatest common factor of 27 and n.
9
Suppose 2*r + k = 2481, 9*k = 5*r + 5*k - 6196. Suppose 0 = -2*t - 6*t + r. What is the greatest common divisor of t and 62?
31
Suppose -5*a = 5*o - 315, -a + 5*o + 16 + 29 = 0. Calculate the highest common factor of 220 and a.
20
Suppose 2*t - 316*u = -311*u + 5214, 2*t + 4*u - 5178 = 0. Calculate the greatest common divisor of t and 53.
53
Let k(r) = 4*r**3 - 8*r**2 + 53*r + 11. Let l be k(9). What is the highest common divisor of 52 and l?
52
Let q be (10/(-5) - -12*12/9)*12. Calculate the greatest common divisor of 1800 and q.
24
Suppose -55 = -6*z + 41. Let g be 164/9 + z/(-72). What is the greatest common divisor of 234 and g?
18
Suppose -26*k = -i - 29*k + 138, i + 5*k - 128 = 0. What is the highest common factor of 234 and i?
9
Suppose -2*d = 4, -p + 2*d - 331 = -6*p. Suppose 0 = b - z + 2*z - 44, 5*z + p = 2*b. What is the greatest common factor of 451 and b?
41
Let r(s) = -164*s - 326. Let g be r(-6). Let j = 668 - g. Calculate the greatest common divisor of j and 170.
10
Let g = 3363 - 207. Calculate the greatest common factor of 12 and g.
12
Let t be (-28)/16 - (-214)/8. Suppose -6 = 4*c + 18. Let v(z) = -2*z - 7. Let g be v(c). Calculate the greatest common factor of t and g.
5
Let r be ((-710)/(-5))/(1 + -3). Let f = r + 143. Let x = 3567 + -3558. What is the highest common divisor of x and f?
9
Let u be (-224)/(-12) + 4/(-6). Let i(k) = 3*k**2 - 368*k - 2794. Let n be i(-8). What is the highest common divisor of u and n?
18
Suppose 25*m - 7*m + 37*m - 2475 = 0. Suppose p + 10 = 3*p. What is the greatest common divisor of p and m?
5
Let l = -2200 - -2212. What is the greatest common divisor of 5532 and l?
12
Let x(d) = -2*d**2 - 15*d - 16. Let y be x(-6). Let u be (2*(-30)/(-21))/(y/7). Calculate the greatest common divisor of u and 70.
10
Suppose m - 5*n + 5 = 6*m, -n = -4*m + 29. Let h be (-2)/(-3) + 26/m. What is the greatest common divisor of 115 and h?
5
Let q(o) = 4*o + 30. Let b be (1 - -4) + 3 - 3 - 1. Let k be q(b). What is the greatest common divisor of k and 2?
2
Let f be 12/(-20)*2050/(-82). What is the greatest common divisor of f and 9450?
15
Suppose 42 = p + 50*a - 47*a, -3*p + 3*a + 150 = 0. What is the greatest common factor of 32 and p?
16
Let u(n) = 40*n - 759. Let d be u(19). What is the greatest common divisor of d and 2999?
1
Let c be (-14)/91 - (-8202)/78. Suppose -q + 15 = -6. What is the greatest common divisor of q and c?
21
Let f(g) = 154*g + 4689. Let q be f(-30). Calculate the greatest common factor of q and 96.
3
Let c be ((-48807)/(-63) - -7) + (-2)/(-7). What is the greatest common factor of 34 and c?
34
Let k(i) = i**2 - 10*i + 17. Suppose 3*s - 34 = b + 23, -5*s - 4*b = -78. Let x be k(s). Calculate the highest common factor of x and 23.
23
Let k(c) = 6*c**3 + c. Let i be k(-1). Let n = 239 - i. Calculate the highest common factor of n and 328.
82
Suppose 0 = 3*r + 14 - 101. Suppose 5*y - b = -5, 4*b = -3*y - 2*y + 20. Suppose k + 0*k - 29 = y. What is the greatest common factor of k and r?
29
Let v(w) = w**2 + 385*w + 4934. Let r be v(-13). Calculate the greatest common divisor of 1701 and r.
7
Suppose -1615 = -5*k - 5*p, -105*k + 110*k = -2*p + 1630. Calculate the greatest common divisor of k and 16236.
164
Suppose -27*j + 15 = -120. Calculate the highest common factor of j and 755.
5
Suppose -4*j = 5*a - 39518, 132*a - 134*a - 49348 = -5*j. Calculate the greatest common divisor of 16 and j.
16
Let g be 6*6/(-9) - -38. Suppose -3*s + g = 16. Let v = 1 - -23. What is the greatest common divisor of s and v?
6
Let v(k) = k**2 + 7*k - 18. Suppose -6 = 3*s + 30. Let b be v(s). What is the highest common divisor of b and 96?
6
Let c = -528 - -533. Suppose 5*i + 19 + 6 = 0, -1 = -m - i. Let l be (-10)/(m/(-21) - 0). Calculate the greatest common factor of c and l.
5
Let z(c) = -c. Let t be z(4). Let d be t/(-3)*(-315)/(-60). Let u(h) = 11*h - 12. Let a be u(d). Calculate the highest common divisor of 26 and a.
13
Let c = -89 - -94. Suppose s = -4*d + 8, -c*d + 2*s - 5 = 7*s. Suppose 21 = p - d. What is the highest common divisor of p and 96?
24
Let l = 100 + -222. Let p = l + 164. Let k be -2*(-7)/p + (-107)/(-3). What is the greatest common factor of k and 4?
4
Let w be -1 + 0 - (1 + -29). Let t be (-11)/((-110)/28) + (-4)/5. Suppose -15 = t*o - w. Calculate the greatest common factor of o and 6.
6
Let t(k) = -k**3 - 8*k**2 - 21*k - 24. Suppose 32*u + 97 + 95 = 0. Let b be t(u). What is the greatest common factor of 45 and b?
15
Let y = 24 + -21. Let r be ((-7)/21)/((-11)/33). What is the greatest common factor of y and r?
1
Suppose 0 = -k + r + 6, 3*k = -2*k - 2*r - 5. Let s be 0 - (6 - k)/5. Let f be 28/((4 - 1) + s). Calculate the highest common factor of f and 98.
14
Suppose 3*i = -2*w + 258 + 500, 2*w = -2*i + 506. What is the greatest common factor of i and 19572?
84
Let w(r) = -23*r - 263. Let l be w(-16). Let u = 0 + l. Calculate the greatest common factor of u and 189.
21
Let b(k) be the second derivative of 4*k**3/3 + 8*k**2 + 4*k. Let g be b(9). Let j be 11/(-3 - (-12)/3). What is the greatest common factor of j and g?
11
Let n be (35/(-105))/(2/(-2106)). Let k = -196 + n. Calculate the greatest common divisor of 93 and k.
31
Let s = -4241 - -4265. Calculate the greatest common divisor of 198 and s.
6
Let t = 4281 + -1581. Suppose -824*p = -829*p + t. What is the highest common divisor of p and 15?
15
Suppose -i + 5*a = -16, 158*a - 155*a = -5*i + 80. Calculate the greatest common divisor of 1928 and i.
8
Let c be -4 + (-82537)/(-156) - -3*(-3)/108. Calculate the highest common factor of 2275 and c.
175
Let m(w) = 32*w**2 - 3*w + 2. Let z be m(1). Suppose 2*x - 449 = -j + 142, -5*x - 584 = -j. What is the greatest common divisor of z and j?
31
Let l be (885/(-45) - 12)/((-